{"id":531,"date":"2019-01-19T13:56:13","date_gmt":"2019-01-19T10:56:13","guid":{"rendered":"http:\/\/nakliyen.com\/?page_id=531"},"modified":"2021-04-06T18:51:45","modified_gmt":"2021-04-06T18:51:45","slug":"fuar-tasima-nakliye-cnr-tuyap-fuaye-nakliyat","status":"publish","type":"page","link":"https:\/\/mlmnakliyat.com\/?page_id=531","title":{"rendered":"Fuar Ta\u015f\u0131mac\u0131l\u0131\u011f\u0131"},"content":{"rendered":"\n<p class=\"has-text-align-center\"><strong>Fuar alanlar\u0131nda deneyimli personellerimizle, T\u00fcrkiye geneli b\u00fct\u00fcn fuar alanlar\u0131na sevkiyat sa\u011fl\u0131yoruz<\/strong><\/p>\n\n\n\n<p class=\"has-text-align-center\"><strong>Yan&nbsp;a\u00e7\u0131l\u0131r&nbsp;kayar&nbsp;perdeli&nbsp;ara\u00e7lar<\/strong><\/p>\n\n\n\n<p class=\"has-text-align-center\"><strong>\u0130ste\u011finiz do\u011frultusunda transpalet&nbsp;temini.<\/strong><\/p>\n\n\n\n<div class=\"wp-block-image\"><figure class=\"aligncenter size-large\"><img loading=\"lazy\" decoding=\"async\" width=\"960\" height=\"720\" src=\"http:\/\/mlmnakliyat.com\/wp-content\/uploads\/2021\/04\/tuyat.jpg\" alt=\"\" class=\"wp-image-951\" srcset=\"https:\/\/mlmnakliyat.com\/wp-content\/uploads\/2021\/04\/tuyat.jpg 960w, https:\/\/mlmnakliyat.com\/wp-content\/uploads\/2021\/04\/tuyat-300x225.jpg 300w, https:\/\/mlmnakliyat.com\/wp-content\/uploads\/2021\/04\/tuyat-768x576.jpg 768w\" sizes=\"auto, (max-width: 960px) 100vw, 960px\" \/><\/figure><\/div>\n","protected":false},"excerpt":{"rendered":"<p>Fuar alanlar\u0131nda deneyimli personellerimizle, T\u00fcrkiye geneli b\u00fct\u00fcn fuar alanlar\u0131na sevkiyat sa\u011fl\u0131yoruz Yan&nbsp;a\u00e7\u0131l\u0131r&nbsp;kayar&nbsp;perdeli&nbsp;ara\u00e7lar \u0130ste\u011finiz do\u011frultusunda transpalet&nbsp;temini.<\/p>\n","protected":false},"author":1,"featured_media":0,"parent":528,"menu_order":2,"comment_status":"closed","ping_status":"closed","template":"page-templates\/homepage.php","meta":{"_joinchat":[],"footnotes":""},"class_list":["post-531","page","type-page","status-publish","hentry"],"_links":{"self":[{"href":"https:\/\/mlmnakliyat.com\/index.php?rest_route=\/wp\/v2\/pages\/531","targetHints":{"allow":["GET"]}}],"collection":[{"href":"https:\/\/mlmnakliyat.com\/index.php?rest_route=\/wp\/v2\/pages"}],"about":[{"href":"https:\/\/mlmnakliyat.com\/index.php?rest_route=\/wp\/v2\/types\/page"}],"author":[{"embeddable":true,"href":"https:\/\/mlmnakliyat.com\/index.php?rest_route=\/wp\/v2\/users\/1"}],"replies":[{"embeddable":true,"href":"https:\/\/mlmnakliyat.com\/index.php?rest_route=%2Fwp%2Fv2%2Fcomments&post=531"}],"version-history":[{"count":2,"href":"https:\/\/mlmnakliyat.com\/index.php?rest_route=\/wp\/v2\/pages\/531\/revisions"}],"predecessor-version":[{"id":969,"href":"https:\/\/mlmnakliyat.com\/index.php?rest_route=\/wp\/v2\/pages\/531\/revisions\/969"}],"up":[{"embeddable":true,"href":"https:\/\/mlmnakliyat.com\/index.php?rest_route=\/wp\/v2\/pages\/528"}],"wp:attachment":[{"href":"https:\/\/mlmnakliyat.com\/index.php?rest_route=%2Fwp%2Fv2%2Fmedia&parent=531"}],"curies":[{"name":"wp","href":"https:\/\/api.w.org\/{rel}","templated":true}]}}